hundreds digit of 1463547?
5
What is the thousands digit of 64664?
4
What is the tens digit of 126217?
1
What is the ten thousands digit of 616748?
1
What is the hundred thousands digit of 5019922?
0
What is the millions digit of 4413330?
4
What is the ten millions digit of 10358949?
1
What is the hundred thousands digit of 11055420?
0
What is the hundreds digit of 2991056?
0
What is the units digit of 8830928?
8
What is the ten thousands digit of 1615837?
1
What is the tens digit of 166405?
0
What is the units digit of 342819?
9
What is the units digit of 2826943?
3
What is the units digit of 9086418?
8
What is the thousands digit of 24822022?
2
What is the units digit of 3669838?
8
What is the hundred thousands digit of 456647?
4
What is the tens digit of 1226918?
1
What is the millions digit of 1105135?
1
What is the hundreds digit of 75431?
4
What is the hundreds digit of 172284?
2
What is the hundred thousands digit of 621590?
6
What is the hundreds digit of 1698217?
2
What is the hundred thousands digit of 3691700?
6
What is the hundreds digit of 129505?
5
What is the hundred thousands digit of 17505647?
5
What is the ten thousands digit of 212538?
1
What is the hundred thousands digit of 5074538?
0
What is the hundreds digit of 3317695?
6
What is the tens digit of 32439?
3
What is the millions digit of 7553470?
7
What is the units digit of 485708?
8
What is the tens digit of 9385425?
2
What is the hundred thousands digit of 810523?
8
What is the units digit of 26550?
0
What is the thousands digit of 130711?
0
What is the ten thousands digit of 152847?
5
What is the units digit of 4351306?
6
What is the tens digit of 313654?
5
What is the thousands digit of 517211?
7
What is the units digit of 5596715?
5
What is the units digit of 165125?
5
What is the thousands digit of 14330351?
0
What is the ten thousands digit of 75553?
7
What is the millions digit of 11275861?
1
What is the units digit of 372718?
8
What is the ten thousands digit of 112956?
1
What is the hundreds digit of 530935?
9
What is the units digit of 1868483?
3
What is the hundreds digit of 82763?
7
What is the thousands digit of 1014075?
4
What is the tens digit of 4409447?
4
What is the units digit of 4475542?
2
What is the millions digit of 3345355?
3
What is the units digit of 1096339?
9
What is the hundred thousands digit of 679187?
6
What is the thousands digit of 290264?
0
What is the hundreds digit of 1024124?
1
What is the thousands digit of 152428?
2
What is the millions digit of 1208061?
1
What is the thousands digit of 25446232?
6
What is the units digit of 351475?
5
What is the thousands digit of 2274789?
4
What is the tens digit of 177394?
9
What is the hundreds digit of 6775748?
7
What is the tens digit of 161131?
3
What is the units digit of 582735?
5
What is the units digit of 6122699?
9
What is the hundred thousands digit of 724005?
7
What is the millions digit of 12701896?
2
What is the thousands digit of 2465711?
5
What is the hundreds digit of 64089?
0
What is the hundreds digit of 10591417?
4
What is the hundreds digit of 475931?
9
What is the thousands digit of 1731184?
1
What is the hundreds digit of 119743?
7
What is the hundred thousands digit of 5839926?
8
What is the units digit of 139974?
4
What is the hundred thousands digit of 2307265?
3
What is the millions digit of 12731464?
2
What is the units digit of 249572?
2
What is the tens digit of 27138013?
1
What is the hundred thousands digit of 694262?
6
What is the hundred thousands digit of 447672?
4
What is the units digit of 4728?
8
What is the units digit of 219467?
7
What is the thousands digit of 24462321?
2
What is the tens digit of 230159?
5
What is the hundred thousands digit of 618992?
6
What is the hundreds digit of 431566?
5
What is the millions digit of 1366420?
1
What is the hundred thousands digit of 845673?
8
What is the hundreds digit of 9883516?
5
What is the millions digit of 24009410?
4
What is the units digit of 10528926?
6
What is the thousands digit of 1711910?
1
What is the tens digit of 15012508?
0
What is the tens digit of 1152809?
0
What is the hundred thousands digit of 1723573?
7
What is the ten thousands digit of 349991?
4
What is the hundred thousands digit of 275420?
2
What is the ten thousands digit of 1404384?
0
What is the hundred thousands digit of 755244?
7
What is the hundreds digit of 372058?
0
What is the units digit of 40299?
9
What is the units digit of 2381862?
2
What is the hundred thousands digit of 750434?
7
What is the units digit of 2370575?
5
What is the millions digit of 26173954?
6
What is the hundred thousands digit of 4103350?
1
What is the ten thousands digit of 12899?
1
What is the millions digit of 1353586?
1
What is the hundred thousands digit of 7413946?
4
What is the units digit of 28502?
2
What is the hundreds digit of 275161?
1
What is the ten millions digit of 10393056?
1
What is the millions digit of 1184900?
1
What is the ten thousands digit of 144141?
4
What is the ten thousands digit of 3981250?
8
What is the hundreds digit of 9925940?
9
What is the tens digit of 3890258?
5
What is the hundred thousands digit of 1522972?
5
What is the hundreds digit of 15397296?
2
What is the tens digit of 189414?
1
What is the hundreds digit of 5739029?
0
What is the units digit of 467529?
9
What is the thousands digit of 5830399?
0
What is the ten thousands digit of 177076?
7
What is the units digit of 1163631?
1
What is the hundred thousands digit of 1618139?
6
What is the hundred thousands digit of 735235?
7
What is the ten thousands digit of 1932110?
3
What is the units digit of 1637546?
6
What is the units digit of 242140?
0
What is the tens digit of 1306788?
8
What is the thousands digit of 2926454?
6
What is the millions digit of 3207255?
3
What is the tens digit of 559071?
7
What is the thousands digit of 6601?
6
What is the ten millions digit of 14676502?
1
What is the tens digit of 361900?
0
What is the hundreds digit of 1771005?
0
What is the hundreds digit of 1691717?
7
What is the hundreds digit of 4359614?
6
What is the thousands digit of 486536?
6
What is the tens digit of 1841155?
5
What is the units digit of 633620?
0
What is the tens digit of 177694?
9
What is the hundreds digit of 5219780?
7
What is the ten thousands digit of 182049?
8
What is the hundred thousands digit of 135086?
1
What is the hundred thousands digit of 488057?
4
What is the units digit of 3509170?
0
What is the units digit of 70185?
5
What is the ten thousands digit of 3586058?
8
What is the units digit of 95124?
4
What is the thousands digit of 5033209?
3
What is the units digit of 1125?
5
What is the tens digit of 30841091?
9
What is the hundreds digit of 2916172?
1
What is the units digit of 151324?
4
What is the ten thousands digit of 101948?
0
What is the units digit of 26226388?
8
What is the hundred thousands digit of 4939146?
9
What is the millions digit of 5531380?
5
What is the units digit of 621229?
9
What is the hundreds digit of 489823?
8
What is the thousands digit of 122946?
2
What is the hundred thousands digit of 2237214?
2
What is the tens digit of 4807026?
2
What is the ten thousands digit of 172092?
7
What is the thousands digit of 1279021?
9
What is the millions digit of 7420296?
7
What is the ten thousands digit of 4267991?
6
What is the ten thousands digit of 6285766?
8
What is the units digit of 41744?
4
What is the ten thousands digit of 2514841?
1
What is the ten thousands digit of 1035584?
3
What is the ten thousands digit of 11142?
1
What is the thousands digit of 6860375?
0
What is the hundred thousands digit of 201418?
2
What is the hundreds digit of 17064084?
0
What is the units digit of 435504?
4
What is the thousands digit of 683711?
3
What is the tens digit of 3576?
7
What is the millions digit of 4321861?
4
What is the units digit of 594734?
4
What is the ten thousands digit of 52829?
5
What is the ten thousands digit of 14360176?
6
What is the hundred thousands digit of 3318754?
3
What is the ten thousands digit of 144386?
4
What is the tens digit of 1358408?
0
What is the hundreds digit of 3161560?
5
What is the hundred thousands digit of 3472705?
4
What is the tens digit of 57303?
0
What is the tens digit of 1070524?
